se
Is 42372799589 composite?
False
Is 639464629 a composite number?
False
Is 9559270837 a prime number?
True
Is 75517241119 a composite number?
False
Is 50613943181 a prime number?
False
Is 17263762 composite?
True
Is 175713217 a prime number?
True
Is 325339219 prime?
False
Is 811128089 prime?
False
Is 32636166749 a prime number?
True
Is 8970455287 a composite number?
False
Is 224930957 a prime number?
False
Is 3752717387 a composite number?
False
Is 391829659 composite?
True
Is 9001484689 prime?
True
Is 37257853727 a composite number?
True
Is 9107171 a composite number?
True
Is 2039388781 prime?
False
Is 3048892031 composite?
True
Is 4165988305 composite?
True
Is 13522419347 a composite number?
False
Is 184936351 a prime number?
True
Is 15243249101 a prime number?
False
Is 4958682823 a composite number?
True
Is 13197902887 a composite number?
True
Is 77108651039 prime?
False
Is 8475610817 composite?
False
Is 833895451 composite?
False
Is 11234603587 a composite number?
False
Is 11154305969 composite?
False
Is 1037793637 a composite number?
True
Is 21859038133 prime?
False
Is 496334441 a prime number?
True
Is 188944265729 composite?
True
Is 60816461 a composite number?
True
Is 115682201 composite?
False
Is 7932710483 a prime number?
True
Is 8199389647 a composite number?
False
Is 3256267799 composite?
False
Is 15197221807 a prime number?
True
Is 2635290667 a prime number?
False
Is 2651733827 prime?
True
Is 308564978489 prime?
True
Is 3239240989 composite?
True
Is 234245969 a prime number?
False
Is 12152746513 a prime number?
False
Is 2106311107 a prime number?
False
Is 754710323 a composite number?
True
Is 81063109249 a prime number?
True
Is 5776960903 a composite number?
True
Is 85592678617 a composite number?
False
Is 566298571 prime?
False
Is 5821786819 prime?
False
Is 41948574457 composite?
True
Is 23258707127 composite?
True
Is 203338859 composite?
True
Is 3923258331 composite?
True
Is 1971915553 a prime number?
True
Is 478592573 prime?
True
Is 14444336471 prime?
True
Is 41942701389 composite?
True
Is 3670996369 prime?
True
Is 700586213 prime?
True
Is 4087230751 composite?
False
Is 18407915681 composite?
False
Is 679656437 a composite number?
False
Is 1836386927 a composite number?
False
Is 43209434941 prime?
False
Is 12111516503 prime?
False
Is 713386199 a composite number?
True
Is 1140424765 composite?
True
Is 405745727 composite?
False
Is 8042690087 composite?
True
Is 1118680751 composite?
False
Is 6473305117 prime?
True
Is 247057273 prime?
True
Is 63715143689 a prime number?
True
Is 5071607363 prime?
True
Is 1248733313 prime?
False
Is 6030882493 a composite number?
False
Is 36214659911 a prime number?
True
Is 66031177 prime?
False
Is 4322781461 composite?
False
Is 44926618907 a prime number?
False
Is 2349580457 composite?
True
Is 17566502929 prime?
False
Is 78970351 a composite number?
False
Is 62371935697 a composite number?
False
Is 2263848107 a composite number?
True
Is 1885718179 a composite number?
False
Is 17211533 prime?
True
Is 10207396117 a prime number?
False
Is 192698641 a composite number?
True
Is 2481543419 a prime number?
True
Is 35211277 a prime number?
True
Is 1302554098 prime?
False
Is 2987307511 a prime number?
False
Is 20515149583 composite?
False
Is 243808823 a prime number?
False
Is 1215039103 prime?
False
Is 86887626019 a prime number?
False
Is 3255519779 a composite number?
False
Is 4764732881 a composite number?
True
Is 200390187991 composite?
True
Is 53054789003 a prime number?
True
Is 19003650503 a composite number?
False
Is 128415367 a composite number?
False
Is 3762106093 prime?
False
Is 3261960707 composite?
True
Is 28519975207 composite?
False
Is 487468729 prime?
False
Is 97157653202 a prime number?
False
Is 7573598441 a prime number?
True
Is 1921144657 a composite number?
False
Is 241028282447 a composite number?
False
Is 176582914249 a prime number?
False
Is 88849703 composite?
True
Is 592218989 prime?
True
Is 13164378431 a prime number?
True
Is 10809047 composite?
False
Is 162624313 a composite number?
False
Is 74890566509 a composite number?
True
Is 92841821 a prime number?
True
Is 9033319813 composite?
True
Is 6230680571 prime?
False
Is 54295584173 a prime number?
False
Is 13422641413 prime?
False
Is 481132333 prime?
False
Is 1905712007 composite?
False
Is 3923753129 a prime number?
False
Is 427892813 prime?
True
Is 3945454913 a composite number?
False
Is 3875693609 prime?
False
Is 4194246533 a prime number?
False
Is 21003995063 a composite number?
True
Is 19661727227 prime?
True
Is 58410751717 prime?
False
Is 1820503289 a composite number?
True
Is 250984607 composite?
False
Is 72744560621 prime?
True
Is 14811582077 composite?
False
Is 50835397 a prime number?
False
Is 1650602263 prime?
True
Is 132522819727 a prime number?
True
Is 2144209849 a prime number?
True
Is 1461710083 a composite number?
False
Is 386462165 a prime number?
False
Is 11899062083 composite?
False
Is 260769727 prime?
True
Is 42746014851 composite?
True
Is 1725261653 composite?
False
Is 3230461541 a prime number?
True
Is 2355431523 a composite number?
True
Is 7629955033 a prime number?
False
Is 4817244079 a composite number?
False
Is 98083077317 prime?
True
Is 47514627971 prime?
False
Is 19468717 a prime number?
True
Is 89087308049 a prime number?
True
Is 944701481 a prime number?
False
Is 6096894913 a prime number?
True
Is 29196091 composite?
True
Is 7320550739 prime?
False
Is 26760711013 a composite number?
True
Is 256984799 a composite number?
False
Is 10074568627 prime?
False
Is 9300172039 prime?
False
Is 87083905031 a prime number?
True
Is 13958323949 composite?
False
Is 113221592353 composite?
False
Is 7594884547 prime?
True
Is 917751707 a prime number?
True
Is 2900755789 a composite number?
False
Is 2272315763 a prime number?
True
Is 19759490481 a composite number?
True
Is 856231765 a prime number?
False
Is 3104511607 a prime number?
True
Is 25489833 prime?
False
Is 411886572061 a prime number?
False
Is 54062037317 composite?
True
Is 183379863 prime?
False
Is 436397279 a composite number?
False
Is 215808721729 prime?
True
Is 171967709011 composite?
True
Is 312937939 prime?
True
Is 36511756709 a prime number?
False
Is 51950383 composite?
True
Is 209877958 prime?
False
Is 210656731 a composite number?
True
Is 23996943329 a prime number?
True
Is 8068369637 prime?
True
Is 69628390529 prime?
False
Is 3255861443 prime?
True
Is 209584178 a prime number?
False
Is 19927539073 composite?
True
Is 8468700473 prime?
False
Is 11326125023 prime?
True
Is 75405179717 composite?
True
Is 246630841 a composite number?
True
Is 1077587629 composite?
True
Is 26817810223 composite?
False
Is 18428661227 prime?
False
Is 350357951 a prime number?
True
Is 13019605237 a prime number?
False
Is 981401663 prime?
False
Is 30782498413 composite?
False
Is 1039779263821 composite?
False
Is 703290514 prime?
False
Is 707503967 a composite number?
True
Is 8582265071 composite?
False
Is 386157817 a prime number?
True
Is 566167573 a composite number?
False
Is 896709197 a composite number?
True
Is 8946957347 composite?
False
Is 25668197759 prime?
True
Is 257461871 a prime number?
False
Is 13066244927 composite?
True
Is 764761279 prime?
True
Is 5604939839 composite?
False
Is 2207772419 prime?
True
Is 707633243 a prime number?
True
Is 1994173303 prime?
True
Is 740079859 a composite number?
True
Is 1248014809 composite?
True
Is 3620340989 a composite number?
True
Is 8400137863 prime?
False
Is 98798296577 composite?
True
Is 6071726321 a prime number?
True
Is 3190247 a composite number?
False
Is 53956358647 prime?
True
Is 162535979 prime?
True
Is 15902419 composite?
True
Is 31037217769 composite?
True
Is 8809299677 a composite number?
True
Is 12383287 a prime number?
False
Is 19011935521 a prime number?
False
Is 29042918794 composite?
True
Is 24228427981 composite?
False
Is 49366312553 prime?
False
Is 1106473579 a prime number?
True
Is 1752344357 composite?
False
Is 803926969 a composite number?
False
Is 259838071 a prime number?
False
Is 1608437923 a composite number?
False
Is 9814369489 prime?
True
Is 62538658789 a prime number?
False
Is 5017700713 a prime number?
True
Is 937747479 a prime number?
False
Is 11198067379 prime?
True
Is 55797546803 a composite number?